1.
27
What is the greatest common divisor of 170 and 765?
85
What is the highest common divisor of 26 and 9672?
26
What is the highest common factor of 537 and 1?
1
What is the greatest common factor of 31 and 21018?
31
What is the greatest common divisor of 22 and 1078?
22
What is the highest common factor of 10540 and 31?
31
What is the greatest common divisor of 1120 and 70?
70
What is the highest common factor of 26 and 5057?
13
Calculate the highest common divisor of 330 and 110.
110
What is the greatest common factor of 193 and 5597?
193
What is the highest common divisor of 13 and 7?
1
What is the highest common divisor of 202 and 707?
101
What is the highest common factor of 19 and 5643?
19
What is the greatest common factor of 95 and 65?
5
What is the greatest common factor of 494 and 152?
38
What is the highest common factor of 1001 and 91?
91
What is the highest common divisor of 108 and 252?
36
What is the highest common factor of 560 and 336?
112
What is the greatest common divisor of 206 and 2163?
103
Calculate the greatest common divisor of 6566 and 42.
14
Calculate the highest common factor of 3 and 1011.
3
What is the highest common factor of 88 and 1628?
44
What is the highest common divisor of 72 and 468?
36
What is the highest common factor of 5336 and 29?
29
Calculate the greatest common factor of 20 and 60.
20
Calculate the greatest common divisor of 100 and 16.
4
What is the highest common factor of 418 and 1078?
22
What is the highest common divisor of 3312 and 16?
16
What is the greatest common divisor of 464 and 11948?
116
Calculate the greatest common factor of 14 and 103.
1
Calculate the greatest common factor of 375 and 50.
25
Calculate the greatest common divisor of 1701 and 243.
243
Calculate the highest common factor of 20 and 505.
5
Calculate the greatest common divisor of 36 and 828.
36
Calculate the greatest common factor of 9 and 15381.
9
What is the highest common factor of 13 and 1196?
13
What is the greatest common divisor of 30 and 110?
10
Calculate the highest common factor of 42 and 602.
14
Calculate the highest common divisor of 5 and 2855.
5
Calculate the highest common factor of 160 and 50.
10
Calculate the greatest common divisor of 1600 and 100.
100
What is the greatest common factor of 14 and 14?
14
What is the greatest common factor of 16 and 3656?
8
Calculate the highest common divisor of 1674 and 162.
54
What is the highest common divisor of 7 and 378?
7
Calculate the greatest common factor of 704 and 224.
32
Calculate the highest common factor of 378 and 42.
42
What is the highest common divisor of 2544 and 384?
48
What is the highest common divisor of 29 and 9599?
29
What is the highest common factor of 114 and 4522?
38
Calculate the greatest common factor of 67 and 14874.
67
Calculate the greatest common factor of 350 and 105.
35
Calculate the greatest common factor of 51 and 1649.
17
What is the greatest common factor of 141 and 22137?
141
What is the greatest common divisor of 38 and 1881?
19
What is the highest common divisor of 8 and 284?
4
What is the greatest common divisor of 1190 and 5610?
170
What is the highest common factor of 635 and 10?
5
What is the highest common divisor of 106 and 53?
53
Calculate the greatest common factor of 168 and 2373.
21
Calculate the highest common factor of 108 and 4.
4
Calculate the highest common factor of 36 and 4620.
12
Calculate the greatest common factor of 300 and 15.
15
Calculate the highest common divisor of 705 and 9.
3
What is the greatest common factor of 11 and 77?
11
Calculate the greatest common divisor of 742 and 98.
14
What is the greatest common factor of 642 and 10486?
214
Calculate the highest common factor of 52 and 19.
1
Calculate the highest common divisor of 5125 and 250.
125
What is the highest common divisor of 3 and 4?
1
Calculate the highest common divisor of 1243 and 66.
11
Calculate the greatest common divisor of 49 and 21.
7
What is the greatest common factor of 6519 and 123?
123
What is the greatest common factor of 22 and 4202?
22
What is the highest common divisor of 3 and 201?
3
Calculate the highest common divisor of 5 and 3720.
5
What is the highest common factor of 2140 and 40?
20
Calculate the greatest common factor of 11275 and 22.
11
Calculate the greatest common factor of 1474 and 3551.
67
Calculate the greatest common factor of 1 and 41.
1
Calculate the highest common divisor of 840 and 19880.
280
Calculate the greatest common divisor of 54 and 2241.
27
What is the highest common factor of 210 and 5145?
105
What is the highest common divisor of 1344 and 42?
42
What is the greatest common divisor of 44 and 64?
4
Calculate the greatest common factor of 66 and 605.
11
What is the highest common divisor of 238 and 10642?
34
What is the highest common factor of 603 and 335?
67
Calculate the greatest common factor of 21 and 1029.
21
What is the highest common factor of 18 and 909?
9
Calculate the greatest common divisor of 12165 and 15.
15
Calculate the highest common divisor of 88 and 224.
8
Calculate the highest common factor of 64 and 3008.
64
What is the greatest common divisor of 104 and 1274?
26
Calculate the highest common divisor of 1591 and 172.
43
Calculate the greatest common factor of 48 and 2992.
16
Calculate the highest common factor of 51669 and 9.
9
What is the greatest common divisor of 8298 and 36?
18
What is the highest common factor of 8213 and 43?
43
Calculate the greatest common divisor of 282 and 1786.
94
Calculate the greatest common factor of 3502 and 374.
34
Calculate the greatest common divisor of 20159 and 19.
19
What is the greatest common factor of 1875 and 15?
15
Calculate the highest common factor of 999 and 2220.
111
Calculate the greatest common divisor of 53 and 424.
53
What is the highest common divisor of 2574 and 33?
33
What is the highest common divisor of 1044 and 957?
87
What is the greatest common factor of 40 and 440?
40
Calculate the greatest common divisor of 628 and 4.
4
Calculate the highest common factor of 2100 and 84.
84
What is the greatest common factor of 135 and 2889?
27
Calculate the greatest common factor of 8206 and 22.
22
What is the greatest common factor of 10 and 1930?
10
What is the greatest common divisor of 273 and 3458?
91
Calculate the highest common divisor of 9 and 1188.
9
What is the highest common divisor of 18 and 4?
2
What is the greatest common factor of 3570 and 63?
21
Calculate the greatest common factor of 387 and 43.
43
Calculate the greatest common factor of 68 and 12.
4
What is the highest common divisor of 705 and 987?
141
Calculate the greatest common divisor of 136 and 442.
34
What is the greatest common factor of 7 and 217?
7
Calculate the greatest common factor of 1414 and 322.
14
What is the highest common divisor of 3572 and 836?
76
What is the greatest common factor of 128 and 800?
32
Calculate the greatest common factor of 32 and 2012.
4
What is the greatest common divisor of 553 and 287?
7
Calculate the highest common divisor of 40 and 45.
5
What is the greatest common factor of 154 and 322?
14
Calculate the greatest common divisor of 36 and 5634.
18
Calculate the highest common factor of 162 and 12.
6
What is the highest common factor of 1895 and 10?
5
Calculate the highest common divisor of 35 and 56.
7
What is the highest common factor of 11940 and 150?
30
Calculate the greatest common factor of 546 and 1014.
78
Calculate the greatest common factor of 5 and 400.
5
Calculate the greatest common factor of 16 and 904.
8
Calculate the greatest common divisor of 460 and 640.
20
Calculate the greatest common factor of 12 and 104.
4
What is the highest common divisor of 2071 and 19?
19
What is the highest common divisor of 7010 and 10?
10
Calculate the greatest common divisor of 46 and 207.
23
What is the highest common divisor of 9 and 33?
3
Calculate the greatest common factor of 1029 and 504.
21
What is the highest common divisor of 56 and 376?
8
What is the highest common divisor of 510 and 16728?
102
What is the greatest common divisor of 1276 and 44?
44
What is the greatest common factor of 90 and 705?
15
Calculate the greatest common factor of 192 and 324.
12
Calculate the greatest common divisor of 170 and 90.
10
What